What is w(8)?
502
Let v(z) = 475*z - 6943. Calculate v(15).
182
Let d(q) = -3*q**3 + 9*q**2 - 70*q - 620. Give d(-5).
330
Let k(r) = -4*r**2 + 3772*r - 81037. Give k(22).
11
Let w(k) = -108*k**2 + 2568*k + 3281. Give w(25).
-19
Let t(n) = n**3 + 421*n**2 - 8824*n - 1766. Give t(-441).
-2
Let o(s) = -4*s**2 + 76777*s + 460631. Determine o(-6).
-175
Let j(h) = -1684*h + 50513. Give j(30).
-7
Let s(m) = -m**3 + 136*m**2 + 437*m - 2787. Give s(139).
-7
Let v(u) = 17*u**2 - 1662*u + 3257. What is v(2)?
1
Let o(u) = 376*u + 54597. What is o(-146)?
-299
Let w(k) = -k**3 - 48*k**2 + 323*k - 10. Determine w(6).
-16
Let q(g) = -19695*g + 98284. Calculate q(5).
-191
Let p(c) = 454*c**2 + 69918*c + 143. What is p(-154)?
-165
Let i(x) = -x**2 - 6989*x - 2579841. Determine i(-391).
-23
Let c(p) = -2*p**2 + 845*p - 24934. What is c(32)?
58
Let i(m) = m**3 - 19*m**2 - 187*m + 26. What is i(-7)?
61
Let r(v) = -v**3 - 2*v**2 + 20*v - 135. Calculate r(-8).
89
Let d(m) = 25*m**3 - 1024*m**2 - 80*m + 80. Determine d(41).
-1519
Let l(s) = -185734*s + 2600248. Calculate l(14).
-28
Let f(w) = -723*w**2 + 7*w - 48. Determine f(2).
-2926
Let a(s) = 34220*s + 102708. Give a(-3).
48
Let w(a) = a**2 - 89*a + 1050. Calculate w(0).
1050
Let o(q) = 64*q**3 + 386*q**2 - 440*q - 2. What is o(1)?
8
Let b(s) = -s**2 + 642*s + 138145. Give b(-170).
105
Let z(c) = 6*c**2 - 173*c + 1309. Determine z(30).
1519
Let t(c) = 36193*c - 832404. Give t(23).
35
Let y(f) = -303*f**3 + f**2 - 15*f - 16. Determine y(-1).
303
Let u(x) = -612*x + 128379. Determine u(210).
-141
Let s(c) = -7*c**3 - 173*c**2 - 844*c - 58. Calculate s(-18).
-94
Let n(j) = -2*j**3 + 120*j**2 + 12*j - 552. What is n(60)?
168
Let d(s) = -s**3 - 86*s**2 - 705*s - 1015. Determine d(-77).
-91
Let u(n) = 16024*n + 881322. What is u(-55)?
2
Let l(i) = -7*i**3 + 577*i**2 - 258*i + 1010. Give l(82).
26
Let q(x) = 885*x**2 + 1301833*x - 2944. What is q(-1471)?
-2
Let b(t) = 5*t**2 + 2260*t + 28716. Calculate b(-439).
181
Let n(j) = -2525*j + 86269. Determine n(33).
2944
Let n(c) = 26476*c + 5348151. Determine n(-202).
-1
Let h(n) = -2*n**3 + 19*n**2 + 42*n - 34. Calculate h(0).
-34
Let p(i) = -301*i**3 + 18*i**2 + 411*i + 395. Give p(-1).
303
Let s(x) = -9*x + 288. Determine s(-16).
432
Let x(b) = 2547*b + 16060. What is x(-6)?
778
Let h(r) = r**3 - 45*r**2 + 473*r + 61. Determine h(19).
-338
Let h(i) = 88*i**2 + 526*i - 10. Determine h(-6).
2
Let i(v) = -v**2 - 161*v + 82980. Determine i(218).
358
Let l(u) = 9*u**2 - 2315*u + 26863. Calculate l(245).
-87
Let u(r) = -r**2 - 1155*r + 194341. Calculate u(149).
45
Let l(t) = -1090146*t - 10901448. Calculate l(-10).
12
Let l(n) = -3*n**2 + 1223*n - 121246. Calculate l(170).
-36
Let n(d) = -403*d**3 + 32*d**2 + 56*d + 24. Give n(-1).
403
Let f(z) = -10*z**3 + 294*z**2 - 120*z + 197. What is f(29)?
81
Let n(y) = -494*y + 86961. Determine n(176).
17
Let w(j) = 688*j + 15859. Give w(-23).
35
Let t(z) = -64*z**2 - 72*z + 275. Determine t(5).
-1685
Let m(y) = y**3 + 127*y**2 + 2059*y + 746. What is m(-108)?
-10
Let h(l) = -4*l**2 + 289*l + 457. Determine h(72).
529
Let n(p) = 393*p + 33731. Give n(-87).
-460
Let a(k) = -368711*k - 737491. Give a(-2).
-69
Let c(y) = -y**2 + 627*y - 98213. Give c(325).
-63
Let g(f) = -f**3 - 14*f**2 + 521*f + 1157. Calculate g(-30).
-73
Let v(p) = 103*p - 9609. Determine v(93).
-30
Let x(b) = 5*b**3 + 2099*b**2 - 17556*b - 3411. What is x(-428)?
13
Let w(c) = -1601*c + 73653. What is w(46)?
7
Let g(a) = 3*a**2 + 1053*a + 86982. Give g(-133).
0
Let s(g) = 57*g**3 - 3*g**2 + 18*g + 43. Determine s(-2).
-461
Let m(x) = 815*x - 2339. Give m(4).
921
Let x(q) = 2*q**2 + 272*q + 3946. Calculate x(-119).
-100
Let i(o) = o**3 + 98*o**2 + 448*o + 24552. Calculate i(-96).
-24
Let s(c) = -2*c**3 - 103*c**2 - 95*c - 2284. Give s(-51).
-40
Let v(k) = -2*k**3 + 57*k**2 + 965*k - 28026. Give v(23).
-12
Let m(q) = 357126*q - 3571241. Determine m(10).
19
Let u(l) = 26*l**2 + 36*l - 5. Give u(5).
825
Let x(h) = -103*h**2 + 235*h - 138. Calculate x(1).
-6
Let f(m) = -30387*m + 272770. Give f(9).
-713
Let f(g) = 87010*g + 783008. What is f(-9)?
-82
Let f(j) = 2*j**3 + 65*j**2 - 154*j + 713. What is f(-35)?
-22
Let h(b) = 3395*b + 6692. What is h(-2)?
-98
Let c(k) = 47613*k + 476147. Calculate c(-10).
17
Let a(g) = -18967*g + 18944. Determine a(1).
-23
Let r(v) = -v**3 - v**2 + 57*v - 241. Calculate r(0).
-241
Let w(d) = -3*d**3 - 27*d**2 + 3500*d + 31502. Determine w(-9).
2
Let u(p) = -6774*p + 94758. What is u(14)?
-78
Let c(i) = 2*i**2 - 1103*i - 652463. What is c(910)?
7
Let t(q) = q**2 - 2698*q + 32401. Give t(12).
169
Let d(p) = -30*p**2 - 107*p - 1069. Determine d(-8).
-2133
Let w(c) = -2*c**2 - 1309*c + 16003. What is w(12)?
7
Let s(a) = a**3 - 172*a**2 - 6508*a - 4081. What is s(204)?
-1
Let l(f) = 3*f**2 + 931*f + 4625. Give l(-5).
45
Let k(l) = -1043*l**2 - 40628*l + 1913. What is k(-39)?
2
Let b(s) = -6*s**2 - 8232*s - 32846. Determine b(-4).
-14
Let j(n) = 1310*n + 50. Calculate j(1).
1360
Let p(v) = -18347*v - 2091546. Determine p(-114).
12
Let y(b) = b**3 - 50*b**2 + 575*b + 92. What is y(18)?
74
Let c(f) = 6*f**3 - 7*f**2 + 3*f + 65. Determine c(5).
655
Let f(j) = -12*j**2 - 9001*j - 114992. Give f(-13).
-7
Let y(j) = -2*j**2 - 2447*j - 9767. What is y(-4)?
-11
Let z(u) = 3*u**2 + 4488*u + 955271. Calculate z(-257).
2
Let s(d) = -2*d**3 + 30*d**2 - 26*d - 695. What is s(10)?
45
Let d(b) = 4*b**2 + 1403*b - 34393. Calculate d(23).
-8
Let t(a) = -2*a**3 - 196*a**2 - 186*a + 787. Give t(-97).
11
Let q(x) = -x**2 + 405*x + 16819. Determine q(-38).
-15
Let z(c) = -c**2 + 119739*c + 119739. Determine z(-1).
-1
Let p(x) = x**3 + 27*x**2 + 85*x + 5328. Determine p(-30).
78
Let b(y) = -108871*y + 4899195. Calculate b(45).
0
Let q(m) = -m**2 - 70*m - 629. Give q(-21).
400
Let s(b) = 341196*b - 2046860. Determine s(6).
316
Let b(f) = 127*f**2 + 339*f - 109. Give b(-3).
17
Let r(n) = 512*n - 32106. Determine r(63).
150
Let w(i) = -i**3 + 148*i**2 + 186*i - 3045. Calculate w(4).
3
Let j(h) = -196*h - 1243. Determine j(-8).
325
Let w(j) = 3*j**3 + 239*j**2 + 26472*j + 2124150. Give w(-80).
-10
Let y(n) = -102240*n + 5111992. Calculate y(50).
-8
Let j(v) = -16*v**3 - 144*v**2 + 156*v - 7. What is j(1)?
-11
Let c(a) = a**3 - 28*a**2 + 1831*a - 53900. Give c(29).
40
Let u(f) = 48*f**2 - 402*f + 25. Give u(5).
-785
Let p(k) = -k**3 - 125*k**2 - 270*k - 18081. Determine p(-124).
23
Let b(w) = -484063*w + 9197201. What is b(19)?
4
Let r(d) = 2*d**3 + 96*d**2 + 849*d - 341. What is r(-36)?
199
Let n(r) = 55*r + 2920. Give n(-50).
170
Let n(l) = -2*l**3 - 25*l**2 - 27*l - 7. Give n(-10).
-237
Let k(z) = -72287*z - 506006. Calculate k(-7).
3
Let h(i) = 3*i**3 + 12*i**2 + 10*i - 12. Calculate h(-4).
-52
Let m(f) = f**3 - 20*f**2 - 10435*f + 6881. Give m(-93).
-1
Let o(x) = 34*x**2 + 2888*x + 27. Determine o(-85).
197
Let u(h) = 6*h**2 - 237*h + 5228. Calculate u(37).
4673
Let b(r) = 40254*r + 161129. What is b(-4)?
113
Let m(q) = 2*q**3 - 18*q**2 - 1088*q + 3139. Calculate m(27).
7
Let t(j) = -35*j**2 - 84*j + 414251. Give t(-110).
-9
Let w(n) = -n**3 + 13*n**2 + 19426*n + 1057. Determine w(-133).
-7
Let f(l) = l**3 - 798*l**2 + 3173*l + 2236. Calculate f(794).
-146
Let w(z) = 6*z**3 - 24*z**2 + 113*z - 446. Give w(4).
6
Let v(g) = g**3 + 52*g**2 - 145*g + 1063. Determine v(-55).
-37
Let m(f) = -36*f**3 + 467*f**2 + 77*f - 850. Determine m(13).
-18
Let g(k) = -2*k**3 + 11*k**2 - k + 1. Determine g(6).
-41
Let k(j) = -j**2 - 14456*j - 259883. Give k(-18).
1
Let m(f) = 385*f**2 - 26197*f + 1163. Determine m(68).
7
Let v(s) = -s**3 - 21*s**2 + 29*s - 1327. Determine v(-25).
448
Let c(t) = -4*t**2 - 1341*t - 8006. What is c(-6)?
-104
Let y(b) = 342*b**2 + 1347*b - 16. Determine y(-4).
68
Let v(w) = -7317*w + 7514. What is v(1)?
197
Let h(g) = -653*g + 30789. Give h(47).
98
Let c(o) = -17981*o - 71890. Calculate c(-4).
34
Let l(s) = 25*s**3 - 19*s**2 + 43*s + 8. Calculate l(2).
218
Let s(n) = n**2 - 432*n + 25341. Determine s(70).
1
Let l(h) = -22*h**2 - 173*h + 2335. Give l(-15).
-20
Let z(v) = 13*v**2 + 6094*v + 18151. Calculate z(-3).
-14
Let d(n) = -7*n**3 - 390*n**2 - 255*n + 1096. What is d(-55)?
-4
Let u(b) = 3*b**3 + 95*b**2 + 408*b - 2297. Determine u(-25).
3
Let o(d) = -21*